{"id":776,"date":"2019-10-31T12:01:59","date_gmt":"2019-10-31T11:01:59","guid":{"rendered":"https:\/\/nordvest.danmarksveteraner.dk\/wordpress\/?page_id=776"},"modified":"2023-03-09T08:54:28","modified_gmt":"2023-03-09T07:54:28","slug":"nytaarskur","status":"publish","type":"page","link":"https:\/\/nordvest.danmarksveteraner.dk\/wordpress\/?page_id=776","title":{"rendered":"Nyt\u00e5rskur 2020"},"content":{"rendered":"\n<p>Nyt\u00e5rskuren 2020 <br>Afholdes i Konstabelmessen p\u00e5 Dragonkasernen, Holstebro. <br>L\u00f8rdag den 18. januar kl. 17.30. <\/p>\n\n\n\n<p>Der er lagt op til en festlig aften med: <\/p>\n\n\n\n<p>\u2022 Uddeling af \u00e5rstegn<\/p>\n\n\n\n<p> \u2022 Pakkeleg (medbring venligst en lille pakke)<\/p>\n\n\n\n<p> \u2022 Rum\u00e6nsk lotteri<\/p>\n\n\n\n<p> \u2022 Konkurrence: Hvem er mest festlig \/ opfindsom p\u00e5kl\u00e6dt? <\/p>\n\n\n\n<p>P\u00e5kl\u00e6dning: Uformel Nyt\u00e5rs-look. <\/p>\n\n\n\n<p>Menu:  Laksemad \/ asparges Helstegt pattegris, med kartofler, salat &amp; br\u00f8d Pandekager \/ is Kaffe og kage &nbsp;&nbsp;<\/p>\n\n\n\n<p>Pris: 175 kr. for medlemmer og ledsager Ikke medlemmer 250 kr. Drikkevarer til meget rimelige priser. &nbsp;<\/p>\n\n\n\n<p>Pris: 175 kr. for medlemmer og ledsager Ikke medlemmer 250 kr. Drikkevarer til meget rimelige priser. Tilmelding til Klaus 6106 9617 kwarming@youmail.dk eller Michael 6137 5490 Greenfarm.in.afghanistan@gmail.com senest den 7. januar. <\/p>\n","protected":false},"excerpt":{"rendered":"<p>Nyt\u00e5rskuren 2020 Afholdes i Konstabelmessen p\u00e5 Dragonkasernen, Holstebro. L\u00f8rdag den 18. januar kl. 17.30. Der er lagt op til en<\/p>\n","protected":false},"author":2,"featured_media":0,"parent":1289,"menu_order":8,"comment_status":"closed","ping_status":"closed","template":"","meta":{"colormag_page_container_layout":"default_layout","colormag_page_sidebar_layout":"default_layout","footnotes":""},"class_list":["post-776","page","type-page","status-publish","hentry"],"_links":{"self":[{"href":"https:\/\/nordvest.danmarksveteraner.dk\/wordpress\/index.php?rest_route=\/wp\/v2\/pages\/776","targetHints":{"allow":["GET"]}}],"collection":[{"href":"https:\/\/nordvest.danmarksveteraner.dk\/wordpress\/index.php?rest_route=\/wp\/v2\/pages"}],"about":[{"href":"https:\/\/nordvest.danmarksveteraner.dk\/wordpress\/index.php?rest_route=\/wp\/v2\/types\/page"}],"author":[{"embeddable":true,"href":"https:\/\/nordvest.danmarksveteraner.dk\/wordpress\/index.php?rest_route=\/wp\/v2\/users\/2"}],"replies":[{"embeddable":true,"href":"https:\/\/nordvest.danmarksveteraner.dk\/wordpress\/index.php?rest_route=%2Fwp%2Fv2%2Fcomments&post=776"}],"version-history":[{"count":2,"href":"https:\/\/nordvest.danmarksveteraner.dk\/wordpress\/index.php?rest_route=\/wp\/v2\/pages\/776\/revisions"}],"predecessor-version":[{"id":778,"href":"https:\/\/nordvest.danmarksveteraner.dk\/wordpress\/index.php?rest_route=\/wp\/v2\/pages\/776\/revisions\/778"}],"up":[{"embeddable":true,"href":"https:\/\/nordvest.danmarksveteraner.dk\/wordpress\/index.php?rest_route=\/wp\/v2\/pages\/1289"}],"wp:attachment":[{"href":"https:\/\/nordvest.danmarksveteraner.dk\/wordpress\/index.php?rest_route=%2Fwp%2Fv2%2Fmedia&parent=776"}],"curies":[{"name":"wp","href":"https:\/\/api.w.org\/{rel}","templated":true}]}}