{"id":1682,"date":"2026-05-05T12:12:58","date_gmt":"2026-05-05T10:12:58","guid":{"rendered":"https:\/\/nordvest.danmarksveteraner.dk\/wordpress\/?page_id=1682"},"modified":"2026-05-05T12:28:28","modified_gmt":"2026-05-05T10:28:28","slug":"kransenedlaeggelse-paa-lemvig-kirkegaard","status":"publish","type":"page","link":"https:\/\/nordvest.danmarksveteraner.dk\/wordpress\/?page_id=1682","title":{"rendered":"Kransenedl\u00e6ggelse p\u00e5 Lemvig Kirkeg\u00e5rd"},"content":{"rendered":"\n<p>F\u00f8rste s\u00f8ndag i maj faldt i \u00e5r p\u00e5 den. 3 &#8211; <\/p>\n\n\n\n<p>Der knytter sig til denne dag en lang r\u00e6kke traditioner for at mindes alle dem, som k\u00e6mpede for Danmarks befrielse efter fem \u00e5rs bes\u00e6ttelse af den tyske v\u00e6rnemagt. <\/p>\n\n\n\n<p>P\u00e5 Lemvig Kirkeg\u00e5rd bliver det markeret ved en mange\u00e5rig tradition med kransenedl\u00e6ggelse. Kirkeg\u00e5rden var \u00e9n af de fem centralkirkeg\u00e5rde, som tyskerne tog i anvendelse til at begrave allierede flyvere, der d\u00f8de under kamp eller togter over Danmark.<\/p>\n\n\n\n<p>Nordvest deltog vanen tro i mindeh\u00f8jtideligheden med fanerne. <br>Jydske Dragonregiment deltog med repr\u00e6sentant for Forsvaret ved denne h\u00f8jtidelighed, og i \u00e5r var det chefen for panserinfanteribataljonen II\/JDR, oberstl\u00f8jtnant J, Gehlert der talte ved ceremonien. <br><br>Repr\u00e6sentant fra Polen &#8211; De Allieredes Danske V\u00e5benf\u00e6ller og Lemvig og omegns Garderforening nedlagde kranse ved mindesm\u00e6rket ved de 42 grave.<\/p>\n\n\n\n<p>Efter ceremonien var der sm\u00f8rrebr\u00f8d og lidt til ganen i kirkens hus.<\/p>\n\n\n\n<p>Vil du vide mere om krigsgravene, f\u00f8lg nedenst\u00e5ende links.<\/p>\n\n\n\n<figure class=\"wp-block-gallery has-nested-images columns-default is-cropped wp-block-gallery-1 is-layout-flex wp-block-gallery-is-layout-flex\"><\/figure>\n\n\n\n<p><a href=\"https:\/\/www.airmen.dk\/?fbclid=IwZXh0bgNhZW0CMTAAc3J0YwZhcHBfaWQQMjIyMDM5MTc4ODIwMDg5MgABHjL9vq-XpjIHa4TwRI-csucPCQfv4Au_KuSeawK_wCBZ9V0UwbtA5AKeB267_aem_ptloISNnPdg4D-SK3Jvk-w\" rel=\"noreferrer noopener\" target=\"_blank\">https:\/\/www.airmen.dk\/<\/a> &#8211;<\/p>\n\n\n\n<figure class=\"wp-block-gallery has-nested-images columns-default is-cropped wp-block-gallery-2 is-layout-flex wp-block-gallery-is-layout-flex\">\n<figure class=\"wp-block-image size-large\"><a href=\"https:\/\/nordvest.danmarksveteraner.dk\/wordpress\/wp-content\/uploads\/2026\/05\/2-1-scaled.jpg\"><img loading=\"lazy\" decoding=\"async\" width=\"798\" height=\"1024\" data-id=\"1713\" src=\"https:\/\/nordvest.danmarksveteraner.dk\/wordpress\/wp-content\/uploads\/2026\/05\/2-1-798x1024.jpg\" alt=\"\" class=\"wp-image-1713\" srcset=\"https:\/\/nordvest.danmarksveteraner.dk\/wordpress\/wp-content\/uploads\/2026\/05\/2-1-798x1024.jpg 798w, https:\/\/nordvest.danmarksveteraner.dk\/wordpress\/wp-content\/uploads\/2026\/05\/2-1-234x300.jpg 234w, https:\/\/nordvest.danmarksveteraner.dk\/wordpress\/wp-content\/uploads\/2026\/05\/2-1-768x985.jpg 768w, https:\/\/nordvest.danmarksveteraner.dk\/wordpress\/wp-content\/uploads\/2026\/05\/2-1-1198x1536.jpg 1198w, https:\/\/nordvest.danmarksveteraner.dk\/wordpress\/wp-content\/uploads\/2026\/05\/2-1-1597x2048.jpg 1597w, https:\/\/nordvest.danmarksveteraner.dk\/wordpress\/wp-content\/uploads\/2026\/05\/2-1-scaled.jpg 1996w\" sizes=\"auto, (max-width: 798px) 100vw, 798px\" \/><\/a><\/figure>\n\n\n\n<figure class=\"wp-block-image size-large\"><a href=\"https:\/\/nordvest.danmarksveteraner.dk\/wordpress\/wp-content\/uploads\/2026\/05\/7-1-scaled.jpg\"><img loading=\"lazy\" decoding=\"async\" width=\"556\" height=\"1024\" data-id=\"1699\" src=\"https:\/\/nordvest.danmarksveteraner.dk\/wordpress\/wp-content\/uploads\/2026\/05\/7-1-556x1024.jpg\" alt=\"\" class=\"wp-image-1699\" srcset=\"https:\/\/nordvest.danmarksveteraner.dk\/wordpress\/wp-content\/uploads\/2026\/05\/7-1-556x1024.jpg 556w, https:\/\/nordvest.danmarksveteraner.dk\/wordpress\/wp-content\/uploads\/2026\/05\/7-1-163x300.jpg 163w, https:\/\/nordvest.danmarksveteraner.dk\/wordpress\/wp-content\/uploads\/2026\/05\/7-1-768x1414.jpg 768w, https:\/\/nordvest.danmarksveteraner.dk\/wordpress\/wp-content\/uploads\/2026\/05\/7-1-834x1536.jpg 834w, https:\/\/nordvest.danmarksveteraner.dk\/wordpress\/wp-content\/uploads\/2026\/05\/7-1-1112x2048.jpg 1112w, https:\/\/nordvest.danmarksveteraner.dk\/wordpress\/wp-content\/uploads\/2026\/05\/7-1-scaled.jpg 1390w\" sizes=\"auto, (max-width: 556px) 100vw, 556px\" \/><\/a><\/figure>\n\n\n\n<figure class=\"wp-block-image size-large\"><a href=\"https:\/\/nordvest.danmarksveteraner.dk\/wordpress\/wp-content\/uploads\/2026\/05\/8-scaled.jpg\"><img loading=\"lazy\" decoding=\"async\" width=\"903\" height=\"1024\" data-id=\"1703\" src=\"https:\/\/nordvest.danmarksveteraner.dk\/wordpress\/wp-content\/uploads\/2026\/05\/8-903x1024.jpg\" alt=\"\" class=\"wp-image-1703\" srcset=\"https:\/\/nordvest.danmarksveteraner.dk\/wordpress\/wp-content\/uploads\/2026\/05\/8-903x1024.jpg 903w, https:\/\/nordvest.danmarksveteraner.dk\/wordpress\/wp-content\/uploads\/2026\/05\/8-264x300.jpg 264w, https:\/\/nordvest.danmarksveteraner.dk\/wordpress\/wp-content\/uploads\/2026\/05\/8-768x871.jpg 768w, https:\/\/nordvest.danmarksveteraner.dk\/wordpress\/wp-content\/uploads\/2026\/05\/8-1354x1536.jpg 1354w, https:\/\/nordvest.danmarksveteraner.dk\/wordpress\/wp-content\/uploads\/2026\/05\/8-1805x2048.jpg 1805w\" sizes=\"auto, (max-width: 903px) 100vw, 903px\" \/><\/a><\/figure>\n\n\n\n<figure class=\"wp-block-image size-large\"><a href=\"https:\/\/nordvest.danmarksveteraner.dk\/wordpress\/wp-content\/uploads\/2026\/05\/10-scaled.jpg\"><img loading=\"lazy\" decoding=\"async\" width=\"768\" height=\"1024\" data-id=\"1711\" src=\"https:\/\/nordvest.danmarksveteraner.dk\/wordpress\/wp-content\/uploads\/2026\/05\/10-768x1024.jpg\" alt=\"\" class=\"wp-image-1711\" srcset=\"https:\/\/nordvest.danmarksveteraner.dk\/wordpress\/wp-content\/uploads\/2026\/05\/10-768x1024.jpg 768w, https:\/\/nordvest.danmarksveteraner.dk\/wordpress\/wp-content\/uploads\/2026\/05\/10-225x300.jpg 225w, https:\/\/nordvest.danmarksveteraner.dk\/wordpress\/wp-content\/uploads\/2026\/05\/10-1152x1536.jpg 1152w, https:\/\/nordvest.danmarksveteraner.dk\/wordpress\/wp-content\/uploads\/2026\/05\/10-1536x2048.jpg 1536w, https:\/\/nordvest.danmarksveteraner.dk\/wordpress\/wp-content\/uploads\/2026\/05\/10-scaled.jpg 1920w\" sizes=\"auto, (max-width: 768px) 100vw, 768px\" \/><\/a><\/figure>\n\n\n\n<figure class=\"wp-block-image size-large\"><a href=\"https:\/\/nordvest.danmarksveteraner.dk\/wordpress\/wp-content\/uploads\/2026\/05\/11-scaled.jpg\"><img loading=\"lazy\" decoding=\"async\" width=\"592\" height=\"1024\" data-id=\"1708\" src=\"https:\/\/nordvest.danmarksveteraner.dk\/wordpress\/wp-content\/uploads\/2026\/05\/11-592x1024.jpg\" alt=\"\" class=\"wp-image-1708\" srcset=\"https:\/\/nordvest.danmarksveteraner.dk\/wordpress\/wp-content\/uploads\/2026\/05\/11-592x1024.jpg 592w, https:\/\/nordvest.danmarksveteraner.dk\/wordpress\/wp-content\/uploads\/2026\/05\/11-173x300.jpg 173w, https:\/\/nordvest.danmarksveteraner.dk\/wordpress\/wp-content\/uploads\/2026\/05\/11-768x1329.jpg 768w, https:\/\/nordvest.danmarksveteraner.dk\/wordpress\/wp-content\/uploads\/2026\/05\/11-888x1536.jpg 888w, https:\/\/nordvest.danmarksveteraner.dk\/wordpress\/wp-content\/uploads\/2026\/05\/11-1183x2048.jpg 1183w, https:\/\/nordvest.danmarksveteraner.dk\/wordpress\/wp-content\/uploads\/2026\/05\/11-scaled.jpg 1479w\" sizes=\"auto, (max-width: 592px) 100vw, 592px\" \/><\/a><\/figure>\n\n\n\n<figure class=\"wp-block-image size-large\"><a href=\"https:\/\/nordvest.danmarksveteraner.dk\/wordpress\/wp-content\/uploads\/2026\/05\/12-1-scaled.jpg\"><img loading=\"lazy\" decoding=\"async\" width=\"683\" height=\"1024\" data-id=\"1712\" src=\"https:\/\/nordvest.danmarksveteraner.dk\/wordpress\/wp-content\/uploads\/2026\/05\/12-1-683x1024.jpg\" alt=\"\" class=\"wp-image-1712\" srcset=\"https:\/\/nordvest.danmarksveteraner.dk\/wordpress\/wp-content\/uploads\/2026\/05\/12-1-683x1024.jpg 683w, https:\/\/nordvest.danmarksveteraner.dk\/wordpress\/wp-content\/uploads\/2026\/05\/12-1-200x300.jpg 200w, https:\/\/nordvest.danmarksveteraner.dk\/wordpress\/wp-content\/uploads\/2026\/05\/12-1-768x1152.jpg 768w, https:\/\/nordvest.danmarksveteraner.dk\/wordpress\/wp-content\/uploads\/2026\/05\/12-1-1024x1536.jpg 1024w, https:\/\/nordvest.danmarksveteraner.dk\/wordpress\/wp-content\/uploads\/2026\/05\/12-1-1365x2048.jpg 1365w, https:\/\/nordvest.danmarksveteraner.dk\/wordpress\/wp-content\/uploads\/2026\/05\/12-1-scaled.jpg 1707w\" sizes=\"auto, (max-width: 683px) 100vw, 683px\" \/><\/a><\/figure>\n\n\n\n<figure class=\"wp-block-image size-large\"><a href=\"https:\/\/nordvest.danmarksveteraner.dk\/wordpress\/wp-content\/uploads\/2026\/05\/13-scaled.jpg\"><img loading=\"lazy\" decoding=\"async\" width=\"1024\" height=\"683\" data-id=\"1714\" src=\"https:\/\/nordvest.danmarksveteraner.dk\/wordpress\/wp-content\/uploads\/2026\/05\/13-1024x683.jpg\" alt=\"\" class=\"wp-image-1714\" srcset=\"https:\/\/nordvest.danmarksveteraner.dk\/wordpress\/wp-content\/uploads\/2026\/05\/13-1024x683.jpg 1024w, https:\/\/nordvest.danmarksveteraner.dk\/wordpress\/wp-content\/uploads\/2026\/05\/13-300x200.jpg 300w, https:\/\/nordvest.danmarksveteraner.dk\/wordpress\/wp-content\/uploads\/2026\/05\/13-768x512.jpg 768w, https:\/\/nordvest.danmarksveteraner.dk\/wordpress\/wp-content\/uploads\/2026\/05\/13-1536x1024.jpg 1536w, https:\/\/nordvest.danmarksveteraner.dk\/wordpress\/wp-content\/uploads\/2026\/05\/13-2048x1365.jpg 2048w\" sizes=\"auto, (max-width: 1024px) 100vw, 1024px\" \/><\/a><\/figure>\n\n\n\n<figure class=\"wp-block-image size-large\"><a href=\"https:\/\/nordvest.danmarksveteraner.dk\/wordpress\/wp-content\/uploads\/2026\/05\/15-scaled.jpg\"><img loading=\"lazy\" decoding=\"async\" width=\"1024\" height=\"987\" data-id=\"1705\" src=\"https:\/\/nordvest.danmarksveteraner.dk\/wordpress\/wp-content\/uploads\/2026\/05\/15-1024x987.jpg\" alt=\"\" class=\"wp-image-1705\" srcset=\"https:\/\/nordvest.danmarksveteraner.dk\/wordpress\/wp-content\/uploads\/2026\/05\/15-1024x987.jpg 1024w, https:\/\/nordvest.danmarksveteraner.dk\/wordpress\/wp-content\/uploads\/2026\/05\/15-300x289.jpg 300w, https:\/\/nordvest.danmarksveteraner.dk\/wordpress\/wp-content\/uploads\/2026\/05\/15-768x740.jpg 768w, https:\/\/nordvest.danmarksveteraner.dk\/wordpress\/wp-content\/uploads\/2026\/05\/15-1536x1480.jpg 1536w, https:\/\/nordvest.danmarksveteraner.dk\/wordpress\/wp-content\/uploads\/2026\/05\/15-2048x1974.jpg 2048w\" sizes=\"auto, (max-width: 1024px) 100vw, 1024px\" \/><\/a><\/figure>\n\n\n\n<figure class=\"wp-block-image size-large\"><a href=\"https:\/\/nordvest.danmarksveteraner.dk\/wordpress\/wp-content\/uploads\/2026\/05\/16-1-scaled.jpg\"><img loading=\"lazy\" decoding=\"async\" width=\"857\" height=\"1024\" data-id=\"1704\" src=\"https:\/\/nordvest.danmarksveteraner.dk\/wordpress\/wp-content\/uploads\/2026\/05\/16-1-857x1024.jpg\" alt=\"\" class=\"wp-image-1704\" srcset=\"https:\/\/nordvest.danmarksveteraner.dk\/wordpress\/wp-content\/uploads\/2026\/05\/16-1-857x1024.jpg 857w, https:\/\/nordvest.danmarksveteraner.dk\/wordpress\/wp-content\/uploads\/2026\/05\/16-1-251x300.jpg 251w, https:\/\/nordvest.danmarksveteraner.dk\/wordpress\/wp-content\/uploads\/2026\/05\/16-1-768x918.jpg 768w, https:\/\/nordvest.danmarksveteraner.dk\/wordpress\/wp-content\/uploads\/2026\/05\/16-1-1285x1536.jpg 1285w, https:\/\/nordvest.danmarksveteraner.dk\/wordpress\/wp-content\/uploads\/2026\/05\/16-1-1713x2048.jpg 1713w\" sizes=\"auto, (max-width: 857px) 100vw, 857px\" \/><\/a><\/figure>\n\n\n\n<figure class=\"wp-block-image size-large\"><a href=\"https:\/\/nordvest.danmarksveteraner.dk\/wordpress\/wp-content\/uploads\/2026\/05\/18-1-scaled.jpg\"><img loading=\"lazy\" decoding=\"async\" width=\"531\" height=\"1024\" data-id=\"1700\" src=\"https:\/\/nordvest.danmarksveteraner.dk\/wordpress\/wp-content\/uploads\/2026\/05\/18-1-531x1024.jpg\" alt=\"\" class=\"wp-image-1700\" srcset=\"https:\/\/nordvest.danmarksveteraner.dk\/wordpress\/wp-content\/uploads\/2026\/05\/18-1-531x1024.jpg 531w, https:\/\/nordvest.danmarksveteraner.dk\/wordpress\/wp-content\/uploads\/2026\/05\/18-1-155x300.jpg 155w, https:\/\/nordvest.danmarksveteraner.dk\/wordpress\/wp-content\/uploads\/2026\/05\/18-1-768x1482.jpg 768w, https:\/\/nordvest.danmarksveteraner.dk\/wordpress\/wp-content\/uploads\/2026\/05\/18-1-796x1536.jpg 796w, https:\/\/nordvest.danmarksveteraner.dk\/wordpress\/wp-content\/uploads\/2026\/05\/18-1-1061x2048.jpg 1061w, https:\/\/nordvest.danmarksveteraner.dk\/wordpress\/wp-content\/uploads\/2026\/05\/18-1-scaled.jpg 1327w\" sizes=\"auto, (max-width: 531px) 100vw, 531px\" \/><\/a><\/figure>\n\n\n\n<figure class=\"wp-block-image size-large\"><a href=\"https:\/\/nordvest.danmarksveteraner.dk\/wordpress\/wp-content\/uploads\/2026\/05\/17-scaled.jpg\"><img loading=\"lazy\" decoding=\"async\" width=\"1024\" height=\"1017\" data-id=\"1709\" src=\"https:\/\/nordvest.danmarksveteraner.dk\/wordpress\/wp-content\/uploads\/2026\/05\/17-1024x1017.jpg\" alt=\"\" class=\"wp-image-1709\" srcset=\"https:\/\/nordvest.danmarksveteraner.dk\/wordpress\/wp-content\/uploads\/2026\/05\/17-1024x1017.jpg 1024w, https:\/\/nordvest.danmarksveteraner.dk\/wordpress\/wp-content\/uploads\/2026\/05\/17-300x298.jpg 300w, https:\/\/nordvest.danmarksveteraner.dk\/wordpress\/wp-content\/uploads\/2026\/05\/17-150x150.jpg 150w, https:\/\/nordvest.danmarksveteraner.dk\/wordpress\/wp-content\/uploads\/2026\/05\/17-768x763.jpg 768w, https:\/\/nordvest.danmarksveteraner.dk\/wordpress\/wp-content\/uploads\/2026\/05\/17-1536x1526.jpg 1536w, https:\/\/nordvest.danmarksveteraner.dk\/wordpress\/wp-content\/uploads\/2026\/05\/17-2048x2035.jpg 2048w\" sizes=\"auto, (max-width: 1024px) 100vw, 1024px\" \/><\/a><\/figure>\n\n\n\n<figure class=\"wp-block-image size-large\"><a href=\"https:\/\/nordvest.danmarksveteraner.dk\/wordpress\/wp-content\/uploads\/2026\/05\/19-1-scaled.jpg\"><img loading=\"lazy\" decoding=\"async\" width=\"579\" height=\"1024\" data-id=\"1702\" src=\"https:\/\/nordvest.danmarksveteraner.dk\/wordpress\/wp-content\/uploads\/2026\/05\/19-1-579x1024.jpg\" alt=\"\" class=\"wp-image-1702\" srcset=\"https:\/\/nordvest.danmarksveteraner.dk\/wordpress\/wp-content\/uploads\/2026\/05\/19-1-579x1024.jpg 579w, https:\/\/nordvest.danmarksveteraner.dk\/wordpress\/wp-content\/uploads\/2026\/05\/19-1-169x300.jpg 169w, https:\/\/nordvest.danmarksveteraner.dk\/wordpress\/wp-content\/uploads\/2026\/05\/19-1-768x1359.jpg 768w, https:\/\/nordvest.danmarksveteraner.dk\/wordpress\/wp-content\/uploads\/2026\/05\/19-1-868x1536.jpg 868w, https:\/\/nordvest.danmarksveteraner.dk\/wordpress\/wp-content\/uploads\/2026\/05\/19-1-1157x2048.jpg 1157w, https:\/\/nordvest.danmarksveteraner.dk\/wordpress\/wp-content\/uploads\/2026\/05\/19-1-scaled.jpg 1446w\" sizes=\"auto, (max-width: 579px) 100vw, 579px\" \/><\/a><\/figure>\n\n\n\n<figure class=\"wp-block-image size-large\"><a href=\"https:\/\/nordvest.danmarksveteraner.dk\/wordpress\/wp-content\/uploads\/2026\/05\/22-1-scaled.jpg\"><img loading=\"lazy\" decoding=\"async\" width=\"1024\" height=\"704\" data-id=\"1717\" src=\"https:\/\/nordvest.danmarksveteraner.dk\/wordpress\/wp-content\/uploads\/2026\/05\/22-1-1024x704.jpg\" alt=\"\" class=\"wp-image-1717\" srcset=\"https:\/\/nordvest.danmarksveteraner.dk\/wordpress\/wp-content\/uploads\/2026\/05\/22-1-1024x704.jpg 1024w, https:\/\/nordvest.danmarksveteraner.dk\/wordpress\/wp-content\/uploads\/2026\/05\/22-1-300x206.jpg 300w, https:\/\/nordvest.danmarksveteraner.dk\/wordpress\/wp-content\/uploads\/2026\/05\/22-1-768x528.jpg 768w, https:\/\/nordvest.danmarksveteraner.dk\/wordpress\/wp-content\/uploads\/2026\/05\/22-1-1536x1056.jpg 1536w, https:\/\/nordvest.danmarksveteraner.dk\/wordpress\/wp-content\/uploads\/2026\/05\/22-1-2048x1408.jpg 2048w, https:\/\/nordvest.danmarksveteraner.dk\/wordpress\/wp-content\/uploads\/2026\/05\/22-1-130x90.jpg 130w\" sizes=\"auto, (max-width: 1024px) 100vw, 1024px\" \/><\/a><\/figure>\n\n\n\n<figure class=\"wp-block-image size-large\"><a href=\"https:\/\/nordvest.danmarksveteraner.dk\/wordpress\/wp-content\/uploads\/2026\/05\/20-scaled.jpg\"><img loading=\"lazy\" decoding=\"async\" width=\"1024\" height=\"683\" data-id=\"1718\" src=\"https:\/\/nordvest.danmarksveteraner.dk\/wordpress\/wp-content\/uploads\/2026\/05\/20-1024x683.jpg\" alt=\"\" class=\"wp-image-1718\" srcset=\"https:\/\/nordvest.danmarksveteraner.dk\/wordpress\/wp-content\/uploads\/2026\/05\/20-1024x683.jpg 1024w, https:\/\/nordvest.danmarksveteraner.dk\/wordpress\/wp-content\/uploads\/2026\/05\/20-300x200.jpg 300w, https:\/\/nordvest.danmarksveteraner.dk\/wordpress\/wp-content\/uploads\/2026\/05\/20-768x512.jpg 768w, https:\/\/nordvest.danmarksveteraner.dk\/wordpress\/wp-content\/uploads\/2026\/05\/20-1536x1024.jpg 1536w, https:\/\/nordvest.danmarksveteraner.dk\/wordpress\/wp-content\/uploads\/2026\/05\/20-2048x1365.jpg 2048w\" sizes=\"auto, (max-width: 1024px) 100vw, 1024px\" \/><\/a><\/figure>\n\n\n\n<figure class=\"wp-block-image size-large\"><a href=\"https:\/\/nordvest.danmarksveteraner.dk\/wordpress\/wp-content\/uploads\/2026\/05\/23-1-scaled.jpg\"><img loading=\"lazy\" decoding=\"async\" width=\"1024\" height=\"683\" data-id=\"1721\" src=\"https:\/\/nordvest.danmarksveteraner.dk\/wordpress\/wp-content\/uploads\/2026\/05\/23-1-1024x683.jpg\" alt=\"\" class=\"wp-image-1721\" srcset=\"https:\/\/nordvest.danmarksveteraner.dk\/wordpress\/wp-content\/uploads\/2026\/05\/23-1-1024x683.jpg 1024w, https:\/\/nordvest.danmarksveteraner.dk\/wordpress\/wp-content\/uploads\/2026\/05\/23-1-300x200.jpg 300w, https:\/\/nordvest.danmarksveteraner.dk\/wordpress\/wp-content\/uploads\/2026\/05\/23-1-768x512.jpg 768w, https:\/\/nordvest.danmarksveteraner.dk\/wordpress\/wp-content\/uploads\/2026\/05\/23-1-1536x1024.jpg 1536w, https:\/\/nordvest.danmarksveteraner.dk\/wordpress\/wp-content\/uploads\/2026\/05\/23-1-2048x1365.jpg 2048w\" sizes=\"auto, (max-width: 1024px) 100vw, 1024px\" \/><\/a><\/figure>\n\n\n\n<figure class=\"wp-block-image size-large\"><a href=\"https:\/\/nordvest.danmarksveteraner.dk\/wordpress\/wp-content\/uploads\/2026\/05\/CABR0819-kopier-scaled.jpg\"><img loading=\"lazy\" decoding=\"async\" width=\"1024\" height=\"719\" data-id=\"1720\" src=\"https:\/\/nordvest.danmarksveteraner.dk\/wordpress\/wp-content\/uploads\/2026\/05\/CABR0819-kopier-1024x719.jpg\" alt=\"\" class=\"wp-image-1720\" srcset=\"https:\/\/nordvest.danmarksveteraner.dk\/wordpress\/wp-content\/uploads\/2026\/05\/CABR0819-kopier-1024x719.jpg 1024w, https:\/\/nordvest.danmarksveteraner.dk\/wordpress\/wp-content\/uploads\/2026\/05\/CABR0819-kopier-300x211.jpg 300w, https:\/\/nordvest.danmarksveteraner.dk\/wordpress\/wp-content\/uploads\/2026\/05\/CABR0819-kopier-768x539.jpg 768w, https:\/\/nordvest.danmarksveteraner.dk\/wordpress\/wp-content\/uploads\/2026\/05\/CABR0819-kopier-1536x1078.jpg 1536w, https:\/\/nordvest.danmarksveteraner.dk\/wordpress\/wp-content\/uploads\/2026\/05\/CABR0819-kopier-2048x1437.jpg 2048w, https:\/\/nordvest.danmarksveteraner.dk\/wordpress\/wp-content\/uploads\/2026\/05\/CABR0819-kopier-130x90.jpg 130w\" sizes=\"auto, (max-width: 1024px) 100vw, 1024px\" \/><\/a><\/figure>\n\n\n\n<figure class=\"wp-block-image size-large\"><a href=\"https:\/\/nordvest.danmarksveteraner.dk\/wordpress\/wp-content\/uploads\/2026\/05\/4-1-scaled.jpg\"><img loading=\"lazy\" decoding=\"async\" width=\"565\" height=\"1024\" data-id=\"1715\" src=\"https:\/\/nordvest.danmarksveteraner.dk\/wordpress\/wp-content\/uploads\/2026\/05\/4-1-565x1024.jpg\" alt=\"\" class=\"wp-image-1715\" srcset=\"https:\/\/nordvest.danmarksveteraner.dk\/wordpress\/wp-content\/uploads\/2026\/05\/4-1-565x1024.jpg 565w, https:\/\/nordvest.danmarksveteraner.dk\/wordpress\/wp-content\/uploads\/2026\/05\/4-1-166x300.jpg 166w, https:\/\/nordvest.danmarksveteraner.dk\/wordpress\/wp-content\/uploads\/2026\/05\/4-1-768x1391.jpg 768w, https:\/\/nordvest.danmarksveteraner.dk\/wordpress\/wp-content\/uploads\/2026\/05\/4-1-848x1536.jpg 848w, https:\/\/nordvest.danmarksveteraner.dk\/wordpress\/wp-content\/uploads\/2026\/05\/4-1-1130x2048.jpg 1130w, https:\/\/nordvest.danmarksveteraner.dk\/wordpress\/wp-content\/uploads\/2026\/05\/4-1-scaled.jpg 1413w\" sizes=\"auto, (max-width: 565px) 100vw, 565px\" \/><\/a><\/figure>\n<\/figure>\n","protected":false},"excerpt":{"rendered":"<p>F\u00f8rste s\u00f8ndag i maj faldt i \u00e5r p\u00e5 den. 3 &#8211; Der knytter sig til denne dag en lang r\u00e6kke<\/p>\n","protected":false},"author":2,"featured_media":0,"parent":1615,"menu_order":0,"comment_status":"closed","ping_status":"closed","template":"","meta":{"colormag_page_container_layout":"default_layout","colormag_page_sidebar_layout":"default_layout","footnotes":""},"class_list":["post-1682","page","type-page","status-publish","hentry"],"_links":{"self":[{"href":"https:\/\/nordvest.danmarksveteraner.dk\/wordpress\/index.php?rest_route=\/wp\/v2\/pages\/1682","targetHints":{"allow":["GET"]}}],"collection":[{"href":"https:\/\/nordvest.danmarksveteraner.dk\/wordpress\/index.php?rest_route=\/wp\/v2\/pages"}],"about":[{"href":"https:\/\/nordvest.danmarksveteraner.dk\/wordpress\/index.php?rest_route=\/wp\/v2\/types\/page"}],"author":[{"embeddable":true,"href":"https:\/\/nordvest.danmarksveteraner.dk\/wordpress\/index.php?rest_route=\/wp\/v2\/users\/2"}],"replies":[{"embeddable":true,"href":"https:\/\/nordvest.danmarksveteraner.dk\/wordpress\/index.php?rest_route=%2Fwp%2Fv2%2Fcomments&post=1682"}],"version-history":[{"count":4,"href":"https:\/\/nordvest.danmarksveteraner.dk\/wordpress\/index.php?rest_route=\/wp\/v2\/pages\/1682\/revisions"}],"predecessor-version":[{"id":1723,"href":"https:\/\/nordvest.danmarksveteraner.dk\/wordpress\/index.php?rest_route=\/wp\/v2\/pages\/1682\/revisions\/1723"}],"up":[{"embeddable":true,"href":"https:\/\/nordvest.danmarksveteraner.dk\/wordpress\/index.php?rest_route=\/wp\/v2\/pages\/1615"}],"wp:attachment":[{"href":"https:\/\/nordvest.danmarksveteraner.dk\/wordpress\/index.php?rest_route=%2Fwp%2Fv2%2Fmedia&parent=1682"}],"curies":[{"name":"wp","href":"https:\/\/api.w.org\/{rel}","templated":true}]}}