{"id":1547,"date":"2025-10-23T13:07:42","date_gmt":"2025-10-23T11:07:42","guid":{"rendered":"https:\/\/nordvest.danmarksveteraner.dk\/wordpress\/?page_id=1547"},"modified":"2025-11-11T13:11:41","modified_gmt":"2025-11-11T12:11:41","slug":"kaptajn-carl-aakerlund","status":"publish","type":"page","link":"https:\/\/nordvest.danmarksveteraner.dk\/wordpress\/?page_id=1547","title":{"rendered":"Bis\u00e6ttelse af kaptajn Carl \u00c5kerlund"},"content":{"rendered":"\n<h2 class=\"wp-block-heading\">Den 3. oktober afgik Carl \u00c5kerlund ved d\u00f8den efter l\u00e6ngere tid sygdom. <\/h2>\n\n\n\n<p><em>Uddrag  af Carsten Rasmussen, mindeord, landsformand for Danmarks Veteraner &amp; Veteranst\u00f8tten<\/em><\/p>\n\n\n\n<p>Carl var en k\u00e6mpe i Danmarks Veteraner &amp; Veteranst\u00f8tten. Han var til stede overalt og altid villig til at give en h\u00e5nd med. Med Carl har vi mistet en veteran og en frivillig af en hel s\u00e6rlig st\u00f8bning. Hans vilje og evne til at g\u00f8re en indsats i stort og sm\u00e5t var enest\u00e5ende, hans optimisme og gode hum\u00f8r gjorde ham til noget helt s\u00e6rligt. N\u00e5r Carl var i n\u00e6rheden, var der altid en god stemning og et smil p\u00e5 l\u00e6ben.<\/p>\n\n\n\n<p>Carl \u00c5kerlund har v\u00e6ret et meget aktivt medlem af n\u00e6sten alle Veteranst\u00f8ttens udvalg.<\/p>\n\n\n\n<p>Carl var medlem af Veteranr\u00e5dgivningen (telefonlinjen) fra starten for 25 \u00e5r siden. Carl var et dedikeret medlem af Veteranr\u00e5dgivningen, altid hj\u00e6lpsom og ordentlig. N\u00e5r en veteran ringede 80608030 og fik fat i Carl m\u00f8dte de omsorgsfuld person, som ikke blot tog sig tid til at lytte, de m\u00f8dte en person som gav lidt af sig selv uden at miste sin integritet.<\/p>\n\n\n\n<p>Idr\u00e6tsudvalget, har Carl v\u00e6ret medlem af gennem 15 \u00e5r, var han den drivende kraft bag at f\u00e5 Veteranst\u00f8ttens Nijmegen marchhold integreret som del af Dansk Nijmegen <\/p>\n\n\n\n<p>For alle frivillige i Veteranst\u00f8tten var og er Carl \u00c5kerlund kilde til inspiration. Han var et fagligt og menneskeligt fyrt\u00e5rn, som vil oplyse vejen for de frivillige l\u00e6nge efter sin d\u00f8d.<\/p>\n\n\n\n<p>Carl \u00c5kerlund var medlem af Danmarks Veteraners hovedbestyrelse fra 2010 og senere ressource person for hovedbestyrelsen.<\/p>\n\n\n\n<p>Carl \u00c5kerlund er for sin indsats for veteranerne dekoreret med Nordic Veterans Medal of Honour i s\u00f8lv og Danmarks Veteraners Fortjenstmedalje i s\u00f8lv.<\/p>\n\n\n\n<p>Vi har mistet en veteran og et menneske, som tjente som inspiration for os alle.<\/p>\n\n\n\n<p>\u00c6ret v\u00e6re Carl \u00c5kerlunds minde!<\/p>\n\n\n\n<figure class=\"wp-block-image size-large\"><a href=\"https:\/\/nordvest.danmarksveteraner.dk\/wordpress\/wp-content\/uploads\/2025\/10\/BF0A6170-scaled.jpg\"><img loading=\"lazy\" decoding=\"async\" width=\"683\" height=\"1024\" src=\"https:\/\/nordvest.danmarksveteraner.dk\/wordpress\/wp-content\/uploads\/2025\/10\/BF0A6170-683x1024.jpg\" alt=\"\" class=\"wp-image-1548\" srcset=\"https:\/\/nordvest.danmarksveteraner.dk\/wordpress\/wp-content\/uploads\/2025\/10\/BF0A6170-683x1024.jpg 683w, https:\/\/nordvest.danmarksveteraner.dk\/wordpress\/wp-content\/uploads\/2025\/10\/BF0A6170-200x300.jpg 200w, https:\/\/nordvest.danmarksveteraner.dk\/wordpress\/wp-content\/uploads\/2025\/10\/BF0A6170-768x1152.jpg 768w, https:\/\/nordvest.danmarksveteraner.dk\/wordpress\/wp-content\/uploads\/2025\/10\/BF0A6170-1024x1536.jpg 1024w, https:\/\/nordvest.danmarksveteraner.dk\/wordpress\/wp-content\/uploads\/2025\/10\/BF0A6170-1365x2048.jpg 1365w, https:\/\/nordvest.danmarksveteraner.dk\/wordpress\/wp-content\/uploads\/2025\/10\/BF0A6170-scaled.jpg 1707w\" sizes=\"auto, (max-width: 683px) 100vw, 683px\" \/><\/a><\/figure>\n\n\n\n<figure class=\"wp-block-image size-large\"><a href=\"https:\/\/nordvest.danmarksveteraner.dk\/wordpress\/wp-content\/uploads\/2025\/10\/BF0A6169-scaled.jpg\"><img loading=\"lazy\" decoding=\"async\" width=\"1024\" height=\"683\" src=\"https:\/\/nordvest.danmarksveteraner.dk\/wordpress\/wp-content\/uploads\/2025\/10\/BF0A6169-1024x683.jpg\" alt=\"\" class=\"wp-image-1549\" srcset=\"https:\/\/nordvest.danmarksveteraner.dk\/wordpress\/wp-content\/uploads\/2025\/10\/BF0A6169-1024x683.jpg 1024w, https:\/\/nordvest.danmarksveteraner.dk\/wordpress\/wp-content\/uploads\/2025\/10\/BF0A6169-300x200.jpg 300w, https:\/\/nordvest.danmarksveteraner.dk\/wordpress\/wp-content\/uploads\/2025\/10\/BF0A6169-768x512.jpg 768w, https:\/\/nordvest.danmarksveteraner.dk\/wordpress\/wp-content\/uploads\/2025\/10\/BF0A6169-1536x1024.jpg 1536w, https:\/\/nordvest.danmarksveteraner.dk\/wordpress\/wp-content\/uploads\/2025\/10\/BF0A6169-2048x1365.jpg 2048w\" sizes=\"auto, (max-width: 1024px) 100vw, 1024px\" \/><\/a><\/figure>\n\n\n\n<figure class=\"wp-block-image size-large\"><a href=\"https:\/\/nordvest.danmarksveteraner.dk\/wordpress\/wp-content\/uploads\/2025\/10\/BF0A6214-1-scaled.jpg\"><img loading=\"lazy\" decoding=\"async\" width=\"1024\" height=\"683\" src=\"https:\/\/nordvest.danmarksveteraner.dk\/wordpress\/wp-content\/uploads\/2025\/10\/BF0A6214-1-1024x683.jpg\" alt=\"\" class=\"wp-image-1550\" srcset=\"https:\/\/nordvest.danmarksveteraner.dk\/wordpress\/wp-content\/uploads\/2025\/10\/BF0A6214-1-1024x683.jpg 1024w, https:\/\/nordvest.danmarksveteraner.dk\/wordpress\/wp-content\/uploads\/2025\/10\/BF0A6214-1-300x200.jpg 300w, https:\/\/nordvest.danmarksveteraner.dk\/wordpress\/wp-content\/uploads\/2025\/10\/BF0A6214-1-768x512.jpg 768w, https:\/\/nordvest.danmarksveteraner.dk\/wordpress\/wp-content\/uploads\/2025\/10\/BF0A6214-1-1536x1024.jpg 1536w, https:\/\/nordvest.danmarksveteraner.dk\/wordpress\/wp-content\/uploads\/2025\/10\/BF0A6214-1-2048x1365.jpg 2048w\" sizes=\"auto, (max-width: 1024px) 100vw, 1024px\" \/><\/a><\/figure>\n\n\n\n<p><a href=\"https:\/\/danmarksveteraner.dk\/news\/mindeord-for-carl-aakerlund-1942-2025\/\">L\u00e6s hele Landsformandens Mindeord her:<\/a><\/p>\n\n\n\n<p><\/p>\n","protected":false},"excerpt":{"rendered":"<p>Den 3. oktober afgik Carl \u00c5kerlund ved d\u00f8den efter l\u00e6ngere tid sygdom. Uddrag af Carsten Rasmussen, mindeord, landsformand for Danmarks<\/p>\n","protected":false},"author":2,"featured_media":0,"parent":1446,"menu_order":0,"comment_status":"closed","ping_status":"closed","template":"","meta":{"colormag_page_container_layout":"default_layout","colormag_page_sidebar_layout":"default_layout","footnotes":""},"class_list":["post-1547","page","type-page","status-publish","hentry"],"_links":{"self":[{"href":"https:\/\/nordvest.danmarksveteraner.dk\/wordpress\/index.php?rest_route=\/wp\/v2\/pages\/1547","targetHints":{"allow":["GET"]}}],"collection":[{"href":"https:\/\/nordvest.danmarksveteraner.dk\/wordpress\/index.php?rest_route=\/wp\/v2\/pages"}],"about":[{"href":"https:\/\/nordvest.danmarksveteraner.dk\/wordpress\/index.php?rest_route=\/wp\/v2\/types\/page"}],"author":[{"embeddable":true,"href":"https:\/\/nordvest.danmarksveteraner.dk\/wordpress\/index.php?rest_route=\/wp\/v2\/users\/2"}],"replies":[{"embeddable":true,"href":"https:\/\/nordvest.danmarksveteraner.dk\/wordpress\/index.php?rest_route=%2Fwp%2Fv2%2Fcomments&post=1547"}],"version-history":[{"count":2,"href":"https:\/\/nordvest.danmarksveteraner.dk\/wordpress\/index.php?rest_route=\/wp\/v2\/pages\/1547\/revisions"}],"predecessor-version":[{"id":1552,"href":"https:\/\/nordvest.danmarksveteraner.dk\/wordpress\/index.php?rest_route=\/wp\/v2\/pages\/1547\/revisions\/1552"}],"up":[{"embeddable":true,"href":"https:\/\/nordvest.danmarksveteraner.dk\/wordpress\/index.php?rest_route=\/wp\/v2\/pages\/1446"}],"wp:attachment":[{"href":"https:\/\/nordvest.danmarksveteraner.dk\/wordpress\/index.php?rest_route=%2Fwp%2Fv2%2Fmedia&parent=1547"}],"curies":[{"name":"wp","href":"https:\/\/api.w.org\/{rel}","templated":true}]}}